{"id":85,"date":"2017-11-13T15:25:31","date_gmt":"2017-11-13T13:25:31","guid":{"rendered":"http:\/\/www.putkitekniikka.com\/WordPress\/?page_id=85"},"modified":"2026-04-28T10:40:01","modified_gmt":"2026-04-28T10:40:01","slug":"yhteystiedot","status":"publish","type":"page","link":"https:\/\/www.putkitekniikka.fi\/?page_id=85","title":{"rendered":"Yhteystiedot"},"content":{"rendered":"\n<h1 class=\"wp-block-heading has-large-font-size\" id=\"putkitekniikka-oy\"><span style=\"color: #000000;\">Putkitekniikka Oy<\/span><\/h1>\n\n\n\n<h2 class=\"wp-block-heading\" id=\"toimisto-palvelee\"><span style=\"color: #000000;\">Ty\u00f6n vastaanotto<\/span><\/h2>\n\n\n\n<h4 class=\"wp-block-heading\" id=\"ma-pe-klo-8-00-16-00\"><span style=\"color: #000000;\">ma &#8211; pe, klo. 8.00 &#8211; 16.00<\/span><\/h4>\n\n\n\n<h2 class=\"wp-block-heading\" id=\"050-550-8685\"><span style=\"color: #000000;\"><img loading=\"lazy\" decoding=\"async\" width=\"27\" height=\"37\" class=\"alignnone wp-image-1008 size-full\" src=\"https:\/\/www.putkitekniikka.fi\/wp-content\/uploads\/2019\/12\/phone_sign.png\" alt=\"\">\u00a0 050-550 8685<\/span><\/h2>\n\n\n\n<div style=\"height:13px\" aria-hidden=\"true\" class=\"wp-block-spacer\"><\/div>\n\n\n\n<h2 class=\"wp-block-heading\" id=\"laheta-viesti-sahkopostilla\"><span style=\"color: #000000;\">L\u00e4het\u00e4 viesti s\u00e4hk\u00f6postilla:<\/span><\/h2>\n\n\n\n<figure class=\"wp-block-image\"><a href=\"https:\/\/www.putkitekniikka.fi\/wp-content\/uploads\/2019\/04\/ptk_maili-1.jpg\"><img decoding=\"async\" src=\"https:\/\/www.putkitekniikka.fi\/wp-content\/uploads\/2019\/04\/ptk_maili-1.jpg\" alt=\"\" class=\"wp-image-747\"\/><\/a><\/figure>\n\n\n\n<h5 class=\"wp-block-heading\">&nbsp;<\/h5>\n\n\n\n<h5 class=\"wp-block-heading\" id=\"osoite-kivikonlaita-35-00940-helsinki\"><span style=\"color: #000000;\">Osoite:&nbsp;&nbsp;<a href=\"https:\/\/www.google.fi\/maps\/place\/Putkitekniikka+Oy\/@60.2442,25.059381,15z\/data=!4m2!3m1!1s0x0:0x237d40e7d93001f4\" target=\"_blank\" rel=\"noopener noreferrer\">Kivikonlaita 35 &#8211; 00940 Helsinki<\/a><\/span><\/h5>\n\n\n\n<h6 class=\"wp-block-heading\" id=\"osoite-avautuu-google-mapsiin\"><span style=\"color: #000000;\">&nbsp;<img loading=\"lazy\" decoding=\"async\" class=\"alignnone wp-image-426\" src=\"https:\/\/www.putkitekniikka.fi\/wp-content\/uploads\/2018\/03\/area_sign.png\" alt=\"\" width=\"18\" height=\"25\">&nbsp; &nbsp; &nbsp; &nbsp; &nbsp; Osoite avautuu Google Mapsiin!<\/span><\/h6>\n\n\n\n<h5 class=\"wp-block-heading\">&nbsp;<\/h5>\n\n\n\n<h5 class=\"wp-block-heading\" id=\"y-tunnus-0971344-5\"><span style=\"color: #000000;\">Y-tunnus: 0971344-5<\/span><\/h5>\n\n\n\n<p><\/p>\n","protected":false},"excerpt":{"rendered":"<p>Putkitekniikka Oy Ty\u00f6n vastaanotto ma &#8211; pe, klo. 8.00 &#8211; 16.00 \u00a0 050-550 8685 L\u00e4het\u00e4 viesti s\u00e4hk\u00f6postilla: &nbsp; Osoite:&nbsp;&nbsp;Kivikonlaita 35 &#8211; 00940 Helsinki &nbsp;&nbsp; &nbsp; &nbsp; &nbsp; &nbsp; Osoite avautuu Google Mapsiin! &nbsp; Y-tunnus: 0971344-5<\/p>\n","protected":false},"author":1,"featured_media":0,"parent":0,"menu_order":0,"comment_status":"closed","ping_status":"closed","template":"","meta":{"footnotes":""},"class_list":["post-85","page","type-page","status-publish","hentry"],"yoast_head":"<!-- This site is optimized with the Yoast SEO plugin v27.6 - https:\/\/yoast.com\/product\/yoast-seo-wordpress\/ -->\n<title>Yhteystiedot - Putkitekniikka Oy - Putkitekniikka Oy<\/title>\n<meta name=\"description\" content=\"Teemme kaikki LVI-ty\u00f6t ammattitaidolla teollisuudelle, taloyhti\u00f6ille, rakennusliikkeille ja kiinteist\u00f6n omistajille. - Putkitekniikka Oy\" \/>\n<meta name=\"robots\" content=\"index, follow, max-snippet:-1, max-image-preview:large, max-video-preview:-1\" \/>\n<link rel=\"canonical\" href=\"https:\/\/www.putkitekniikka.fi\/?page_id=85\" \/>\n<meta property=\"og:locale\" content=\"fi_FI\" \/>\n<meta property=\"og:type\" content=\"article\" \/>\n<meta property=\"og:title\" content=\"Yhteystiedot - Putkitekniikka Oy - Putkitekniikka Oy\" \/>\n<meta property=\"og:description\" content=\"Teemme kaikki LVI-ty\u00f6t ammattitaidolla teollisuudelle, taloyhti\u00f6ille, rakennusliikkeille ja kiinteist\u00f6n omistajille. - Putkitekniikka Oy\" \/>\n<meta property=\"og:url\" content=\"https:\/\/www.putkitekniikka.fi\/?page_id=85\" \/>\n<meta property=\"og:site_name\" content=\"Putkitekniikka Oy\" \/>\n<meta property=\"article:modified_time\" content=\"2026-04-28T10:40:01+00:00\" \/>\n<meta property=\"og:image\" content=\"https:\/\/www.putkitekniikka.fi\/wp-content\/uploads\/2019\/12\/phone_sign.png\" \/>\n\t<meta property=\"og:image:width\" content=\"27\" \/>\n\t<meta property=\"og:image:height\" content=\"37\" \/>\n\t<meta property=\"og:image:type\" content=\"image\/png\" \/>\n<meta name=\"twitter:card\" content=\"summary_large_image\" \/>\n<meta name=\"twitter:label1\" content=\"Arvioitu lukuaika\" \/>\n\t<meta name=\"twitter:data1\" content=\"1 minuutti\" \/>\n<script type=\"application\/ld+json\" class=\"yoast-schema-graph\">{\"@context\":\"https:\\\/\\\/schema.org\",\"@graph\":[{\"@type\":\"WebPage\",\"@id\":\"https:\\\/\\\/www.putkitekniikka.fi\\\/?page_id=85\",\"url\":\"https:\\\/\\\/www.putkitekniikka.fi\\\/?page_id=85\",\"name\":\"Yhteystiedot - Putkitekniikka Oy - Putkitekniikka Oy\",\"isPartOf\":{\"@id\":\"https:\\\/\\\/www.putkitekniikka.fi\\\/#website\"},\"primaryImageOfPage\":{\"@id\":\"https:\\\/\\\/www.putkitekniikka.fi\\\/?page_id=85#primaryimage\"},\"image\":{\"@id\":\"https:\\\/\\\/www.putkitekniikka.fi\\\/?page_id=85#primaryimage\"},\"thumbnailUrl\":\"https:\\\/\\\/www.putkitekniikka.fi\\\/wp-content\\\/uploads\\\/2019\\\/12\\\/phone_sign.png\",\"datePublished\":\"2017-11-13T13:25:31+00:00\",\"dateModified\":\"2026-04-28T10:40:01+00:00\",\"description\":\"Teemme kaikki LVI-ty\u00f6t ammattitaidolla teollisuudelle, taloyhti\u00f6ille, rakennusliikkeille ja kiinteist\u00f6n omistajille. - Putkitekniikka Oy\",\"breadcrumb\":{\"@id\":\"https:\\\/\\\/www.putkitekniikka.fi\\\/?page_id=85#breadcrumb\"},\"inLanguage\":\"fi\",\"potentialAction\":[{\"@type\":\"ReadAction\",\"target\":[\"https:\\\/\\\/www.putkitekniikka.fi\\\/?page_id=85\"]}]},{\"@type\":\"ImageObject\",\"inLanguage\":\"fi\",\"@id\":\"https:\\\/\\\/www.putkitekniikka.fi\\\/?page_id=85#primaryimage\",\"url\":\"https:\\\/\\\/www.putkitekniikka.fi\\\/wp-content\\\/uploads\\\/2019\\\/12\\\/phone_sign.png\",\"contentUrl\":\"https:\\\/\\\/www.putkitekniikka.fi\\\/wp-content\\\/uploads\\\/2019\\\/12\\\/phone_sign.png\"},{\"@type\":\"BreadcrumbList\",\"@id\":\"https:\\\/\\\/www.putkitekniikka.fi\\\/?page_id=85#breadcrumb\",\"itemListElement\":[{\"@type\":\"ListItem\",\"position\":1,\"name\":\"Etusivu\",\"item\":\"https:\\\/\\\/www.putkitekniikka.fi\\\/\"},{\"@type\":\"ListItem\",\"position\":2,\"name\":\"Yhteystiedot\"}]},{\"@type\":\"WebSite\",\"@id\":\"https:\\\/\\\/www.putkitekniikka.fi\\\/#website\",\"url\":\"https:\\\/\\\/www.putkitekniikka.fi\\\/\",\"name\":\"Putkitekniikka Oy\",\"description\":\"LVI-palvelut Putkitekniikka Oy\",\"publisher\":{\"@id\":\"https:\\\/\\\/www.putkitekniikka.fi\\\/#organization\"},\"potentialAction\":[{\"@type\":\"SearchAction\",\"target\":{\"@type\":\"EntryPoint\",\"urlTemplate\":\"https:\\\/\\\/www.putkitekniikka.fi\\\/?s={search_term_string}\"},\"query-input\":{\"@type\":\"PropertyValueSpecification\",\"valueRequired\":true,\"valueName\":\"search_term_string\"}}],\"inLanguage\":\"fi\"},{\"@type\":\"Organization\",\"@id\":\"https:\\\/\\\/www.putkitekniikka.fi\\\/#organization\",\"name\":\"Putkitekniikka Oy\",\"url\":\"https:\\\/\\\/www.putkitekniikka.fi\\\/\",\"logo\":{\"@type\":\"ImageObject\",\"inLanguage\":\"fi\",\"@id\":\"https:\\\/\\\/www.putkitekniikka.fi\\\/#\\\/schema\\\/logo\\\/image\\\/\",\"url\":\"https:\\\/\\\/www.putkitekniikka.fi\\\/wp-content\\\/uploads\\\/2018\\\/03\\\/cropped-logo3.png\",\"contentUrl\":\"https:\\\/\\\/www.putkitekniikka.fi\\\/wp-content\\\/uploads\\\/2018\\\/03\\\/cropped-logo3.png\",\"width\":857,\"height\":102,\"caption\":\"Putkitekniikka Oy\"},\"image\":{\"@id\":\"https:\\\/\\\/www.putkitekniikka.fi\\\/#\\\/schema\\\/logo\\\/image\\\/\"}}]}<\/script>\n<!-- \/ Yoast SEO plugin. -->","yoast_head_json":{"title":"Yhteystiedot - Putkitekniikka Oy - Putkitekniikka Oy","description":"Teemme kaikki LVI-ty\u00f6t ammattitaidolla teollisuudelle, taloyhti\u00f6ille, rakennusliikkeille ja kiinteist\u00f6n omistajille. - Putkitekniikka Oy","robots":{"index":"index","follow":"follow","max-snippet":"max-snippet:-1","max-image-preview":"max-image-preview:large","max-video-preview":"max-video-preview:-1"},"canonical":"https:\/\/www.putkitekniikka.fi\/?page_id=85","og_locale":"fi_FI","og_type":"article","og_title":"Yhteystiedot - Putkitekniikka Oy - Putkitekniikka Oy","og_description":"Teemme kaikki LVI-ty\u00f6t ammattitaidolla teollisuudelle, taloyhti\u00f6ille, rakennusliikkeille ja kiinteist\u00f6n omistajille. - Putkitekniikka Oy","og_url":"https:\/\/www.putkitekniikka.fi\/?page_id=85","og_site_name":"Putkitekniikka Oy","article_modified_time":"2026-04-28T10:40:01+00:00","og_image":[{"width":27,"height":37,"url":"https:\/\/www.putkitekniikka.fi\/wp-content\/uploads\/2019\/12\/phone_sign.png","type":"image\/png"}],"twitter_card":"summary_large_image","twitter_misc":{"Arvioitu lukuaika":"1 minuutti"},"schema":{"@context":"https:\/\/schema.org","@graph":[{"@type":"WebPage","@id":"https:\/\/www.putkitekniikka.fi\/?page_id=85","url":"https:\/\/www.putkitekniikka.fi\/?page_id=85","name":"Yhteystiedot - Putkitekniikka Oy - Putkitekniikka Oy","isPartOf":{"@id":"https:\/\/www.putkitekniikka.fi\/#website"},"primaryImageOfPage":{"@id":"https:\/\/www.putkitekniikka.fi\/?page_id=85#primaryimage"},"image":{"@id":"https:\/\/www.putkitekniikka.fi\/?page_id=85#primaryimage"},"thumbnailUrl":"https:\/\/www.putkitekniikka.fi\/wp-content\/uploads\/2019\/12\/phone_sign.png","datePublished":"2017-11-13T13:25:31+00:00","dateModified":"2026-04-28T10:40:01+00:00","description":"Teemme kaikki LVI-ty\u00f6t ammattitaidolla teollisuudelle, taloyhti\u00f6ille, rakennusliikkeille ja kiinteist\u00f6n omistajille. - Putkitekniikka Oy","breadcrumb":{"@id":"https:\/\/www.putkitekniikka.fi\/?page_id=85#breadcrumb"},"inLanguage":"fi","potentialAction":[{"@type":"ReadAction","target":["https:\/\/www.putkitekniikka.fi\/?page_id=85"]}]},{"@type":"ImageObject","inLanguage":"fi","@id":"https:\/\/www.putkitekniikka.fi\/?page_id=85#primaryimage","url":"https:\/\/www.putkitekniikka.fi\/wp-content\/uploads\/2019\/12\/phone_sign.png","contentUrl":"https:\/\/www.putkitekniikka.fi\/wp-content\/uploads\/2019\/12\/phone_sign.png"},{"@type":"BreadcrumbList","@id":"https:\/\/www.putkitekniikka.fi\/?page_id=85#breadcrumb","itemListElement":[{"@type":"ListItem","position":1,"name":"Etusivu","item":"https:\/\/www.putkitekniikka.fi\/"},{"@type":"ListItem","position":2,"name":"Yhteystiedot"}]},{"@type":"WebSite","@id":"https:\/\/www.putkitekniikka.fi\/#website","url":"https:\/\/www.putkitekniikka.fi\/","name":"Putkitekniikka Oy","description":"LVI-palvelut Putkitekniikka Oy","publisher":{"@id":"https:\/\/www.putkitekniikka.fi\/#organization"},"potentialAction":[{"@type":"SearchAction","target":{"@type":"EntryPoint","urlTemplate":"https:\/\/www.putkitekniikka.fi\/?s={search_term_string}"},"query-input":{"@type":"PropertyValueSpecification","valueRequired":true,"valueName":"search_term_string"}}],"inLanguage":"fi"},{"@type":"Organization","@id":"https:\/\/www.putkitekniikka.fi\/#organization","name":"Putkitekniikka Oy","url":"https:\/\/www.putkitekniikka.fi\/","logo":{"@type":"ImageObject","inLanguage":"fi","@id":"https:\/\/www.putkitekniikka.fi\/#\/schema\/logo\/image\/","url":"https:\/\/www.putkitekniikka.fi\/wp-content\/uploads\/2018\/03\/cropped-logo3.png","contentUrl":"https:\/\/www.putkitekniikka.fi\/wp-content\/uploads\/2018\/03\/cropped-logo3.png","width":857,"height":102,"caption":"Putkitekniikka Oy"},"image":{"@id":"https:\/\/www.putkitekniikka.fi\/#\/schema\/logo\/image\/"}}]}},"_links":{"self":[{"href":"https:\/\/www.putkitekniikka.fi\/index.php?rest_route=\/wp\/v2\/pages\/85","targetHints":{"allow":["GET"]}}],"collection":[{"href":"https:\/\/www.putkitekniikka.fi\/index.php?rest_route=\/wp\/v2\/pages"}],"about":[{"href":"https:\/\/www.putkitekniikka.fi\/index.php?rest_route=\/wp\/v2\/types\/page"}],"author":[{"embeddable":true,"href":"https:\/\/www.putkitekniikka.fi\/index.php?rest_route=\/wp\/v2\/users\/1"}],"replies":[{"embeddable":true,"href":"https:\/\/www.putkitekniikka.fi\/index.php?rest_route=%2Fwp%2Fv2%2Fcomments&post=85"}],"version-history":[{"count":5,"href":"https:\/\/www.putkitekniikka.fi\/index.php?rest_route=\/wp\/v2\/pages\/85\/revisions"}],"predecessor-version":[{"id":1098,"href":"https:\/\/www.putkitekniikka.fi\/index.php?rest_route=\/wp\/v2\/pages\/85\/revisions\/1098"}],"wp:attachment":[{"href":"https:\/\/www.putkitekniikka.fi\/index.php?rest_route=%2Fwp%2Fv2%2Fmedia&parent=85"}],"curies":[{"name":"wp","href":"https:\/\/api.w.org\/{rel}","templated":true}]}}